{"id":611,"date":"2021-01-11T09:53:01","date_gmt":"2021-01-11T09:53:01","guid":{"rendered":"https:\/\/blower-7515.ytastic.de\/?page_id=611"},"modified":"2023-09-19T08:52:06","modified_gmt":"2023-09-19T08:52:06","slug":"kfw-foerderbank","status":"publish","type":"page","link":"https:\/\/blower-door-varga.de\/index.php\/kfw-foerderbank\/","title":{"rendered":"KfW-F\u00f6rderbank"},"content":{"rendered":"\t\t<div data-elementor-type=\"wp-page\" data-elementor-id=\"611\" class=\"elementor elementor-611\">\n\t\t\t\t\t\t<section class=\"elementor-section elementor-top-section elementor-element elementor-element-95acacd elementor-section-stretched elementor-section-boxed elementor-section-height-default elementor-section-height-default\" data-id=\"95acacd\" data-element_type=\"section\" data-e-type=\"section\" data-settings=\"{&quot;stretch_section&quot;:&quot;section-stretched&quot;,&quot;background_background&quot;:&quot;classic&quot;}\">\n\t\t\t\t\t\t<div class=\"elementor-container elementor-column-gap-wider\">\n\t\t\t\t\t<div class=\"elementor-column elementor-col-100 elementor-top-column elementor-element elementor-element-b51d91a\" data-id=\"b51d91a\" data-element_type=\"column\" data-e-type=\"column\">\n\t\t\t<div class=\"elementor-widget-wrap elementor-element-populated\">\n\t\t\t\t\t\t<div class=\"elementor-element elementor-element-7e4fc04 elementor-widget elementor-widget-text-editor\" data-id=\"7e4fc04\" data-element_type=\"widget\" data-e-type=\"widget\" data-widget_type=\"text-editor.default\">\n\t\t\t\t<div class=\"elementor-widget-container\">\n\t\t\t\t\t\t\t\t\t<h2><span style=\"color: #ed8d00;\">KfW-F\u00f6rderbank<br \/><\/span><\/h2>\t\t\t\t\t\t\t\t<\/div>\n\t\t\t\t<\/div>\n\t\t\t\t<div class=\"elementor-element elementor-element-012e95c elementor-widget elementor-widget-text-editor\" data-id=\"012e95c\" data-element_type=\"widget\" data-e-type=\"widget\" data-widget_type=\"text-editor.default\">\n\t\t\t\t<div class=\"elementor-widget-container\">\n\t\t\t\t\t\t\t\t\t<h3><span style=\"color: #ed8d00;\">Kredit- und Zuschuss Programme<br> des Bundes f\u00fcr Energieeffizienz bauen<br> oder modernisieren von Geb\u00e4uden<\/span><\/h3>\t\t\t\t\t\t\t\t<\/div>\n\t\t\t\t<\/div>\n\t\t\t\t\t<\/div>\n\t\t<\/div>\n\t\t\t\t\t<\/div>\n\t\t<\/section>\n\t\t\t\t<section class=\"elementor-section elementor-top-section elementor-element elementor-element-8584797 elementor-section-stretched elementor-section-content-middle elementor-section-boxed elementor-section-height-default elementor-section-height-default\" data-id=\"8584797\" data-element_type=\"section\" data-e-type=\"section\" data-settings=\"{&quot;stretch_section&quot;:&quot;section-stretched&quot;}\">\n\t\t\t\t\t\t<div class=\"elementor-container elementor-column-gap-wider\">\n\t\t\t\t\t<div class=\"elementor-column elementor-col-50 elementor-top-column elementor-element elementor-element-022c416\" data-id=\"022c416\" data-element_type=\"column\" data-e-type=\"column\">\n\t\t\t<div class=\"elementor-widget-wrap elementor-element-populated\">\n\t\t\t\t\t\t<div class=\"elementor-element elementor-element-733621e elementor-widget elementor-widget-image\" data-id=\"733621e\" data-element_type=\"widget\" data-e-type=\"widget\" data-widget_type=\"image.default\">\n\t\t\t\t<div class=\"elementor-widget-container\">\n\t\t\t\t\t\t\t\t\t\t\t\t\t\t\t<img fetchpriority=\"high\" decoding=\"async\" width=\"1024\" height=\"683\" src=\"https:\/\/blower-door-varga.de\/wp-content\/uploads\/2021\/01\/K_1-1024x683.jpeg\" class=\"attachment-large size-large wp-image-621\" alt=\"Energieausweis und Modell des Hauses\" srcset=\"https:\/\/blower-door-varga.de\/wp-content\/uploads\/2021\/01\/K_1-1024x683.jpeg 1024w, https:\/\/blower-door-varga.de\/wp-content\/uploads\/2021\/01\/K_1-300x200.jpeg 300w, https:\/\/blower-door-varga.de\/wp-content\/uploads\/2021\/01\/K_1-768x512.jpeg 768w, https:\/\/blower-door-varga.de\/wp-content\/uploads\/2021\/01\/K_1-1536x1024.jpeg 1536w, https:\/\/blower-door-varga.de\/wp-content\/uploads\/2021\/01\/K_1-2048x1365.jpeg 2048w, https:\/\/blower-door-varga.de\/wp-content\/uploads\/2021\/01\/K_1-219x146.jpeg 219w, https:\/\/blower-door-varga.de\/wp-content\/uploads\/2021\/01\/K_1-50x33.jpeg 50w, https:\/\/blower-door-varga.de\/wp-content\/uploads\/2021\/01\/K_1-113x75.jpeg 113w\" sizes=\"(max-width:767px) 480px, (max-width:1024px) 100vw, 1024px\" \/>\t\t\t\t\t\t\t\t\t\t\t\t\t\t\t<\/div>\n\t\t\t\t<\/div>\n\t\t\t\t\t<\/div>\n\t\t<\/div>\n\t\t\t\t<div class=\"elementor-column elementor-col-50 elementor-top-column elementor-element elementor-element-7c42001\" data-id=\"7c42001\" data-element_type=\"column\" data-e-type=\"column\">\n\t\t\t<div class=\"elementor-widget-wrap elementor-element-populated\">\n\t\t\t\t\t\t<div class=\"elementor-element elementor-element-a962786 elementor-widget elementor-widget-text-editor\" data-id=\"a962786\" data-element_type=\"widget\" data-e-type=\"widget\" data-widget_type=\"text-editor.default\">\n\t\t\t\t<div class=\"elementor-widget-container\">\n\t\t\t\t\t\t\t\t\t<p style=\"text-align: justify;\">Ich bin seit 2012 in der Energieeffizienz-Expertenliste f\u00fcr F\u00f6rderprogramme des Bundes (KfW-F\u00f6rderbank und Deutsche Energie Agentur) f\u00fcr die Kategorie Wohngeb\u00e4ude und Nichtwohngeb\u00e4ude gelistet. Alle unten gelisteten F\u00f6rderprogramme f\u00fcr Neubauten oder Modernisierungen k\u00f6nnen Sie nutzen um g\u00fcnstige Kredite, Tilgungszusch\u00fcsse oder Investitionszusch\u00fcsse \u00fcber Ihre Hausbank oder direkt \u00fcber die KfW F\u00f6rderbank zu bekommen.<\/p>\t\t\t\t\t\t\t\t<\/div>\n\t\t\t\t<\/div>\n\t\t\t\t\t<\/div>\n\t\t<\/div>\n\t\t\t\t\t<\/div>\n\t\t<\/section>\n\t\t\t\t<section class=\"elementor-section elementor-top-section elementor-element elementor-element-f75fd8c elementor-section-stretched elementor-section-content-middle elementor-section-boxed elementor-section-height-default elementor-section-height-default\" data-id=\"f75fd8c\" data-element_type=\"section\" data-e-type=\"section\" data-settings=\"{&quot;stretch_section&quot;:&quot;section-stretched&quot;}\">\n\t\t\t\t\t\t<div class=\"elementor-container elementor-column-gap-wider\">\n\t\t\t\t\t<div class=\"elementor-column elementor-col-50 elementor-top-column elementor-element elementor-element-ff50823\" data-id=\"ff50823\" data-element_type=\"column\" data-e-type=\"column\">\n\t\t\t<div class=\"elementor-widget-wrap elementor-element-populated\">\n\t\t\t\t\t\t<div class=\"elementor-element elementor-element-4f7fe1f elementor-widget elementor-widget-text-editor\" data-id=\"4f7fe1f\" data-element_type=\"widget\" data-e-type=\"widget\" data-widget_type=\"text-editor.default\">\n\t\t\t\t<div class=\"elementor-widget-container\">\n\t\t\t\t\t\t\t\t\t<p style=\"text-align: justify;\">Die KfW F\u00f6rderbank bietet im Bereich Bauen, Wohnen, Energie sparen ein breites Spektrum an Programmen, die zur Finanzierung von Investitionen in Wohnimmobilien dienen. F\u00f6rderzwecke sind die Schaffung von Wohneigentum, die energetische Geb\u00e4udesanierung, das Modernisieren von Wohnraum, die Errichtung von sparsamen Neubauten sowie Photovoltaik Anlagen. Seit 2006 stellt die Bundesregierung im Rahmen der F\u00f6rderinitiative &#8222;Wohnen, Umwelt, Wachstum&#8220; j\u00e4hrlich eine Milliarde Euro zur Verf\u00fcgung, um die Programme zur CO2-Reduzierung attraktiv zu gestalten und die nationalen Verpflichtungen zum Klimaschutz aus dem Kyoto-Protokoll zu erreichen. Die von der KfW definierten Kreditvergabekriterien wie z. B. KfW-55 sind anerkannte Energiestandards f\u00fcr Geb\u00e4ude.<\/p>\t\t\t\t\t\t\t\t<\/div>\n\t\t\t\t<\/div>\n\t\t\t\t\t<\/div>\n\t\t<\/div>\n\t\t\t\t<div class=\"elementor-column elementor-col-50 elementor-top-column elementor-element elementor-element-3fc04fe\" data-id=\"3fc04fe\" data-element_type=\"column\" data-e-type=\"column\">\n\t\t\t<div class=\"elementor-widget-wrap elementor-element-populated\">\n\t\t\t\t\t\t<div class=\"elementor-element elementor-element-22439d3 elementor-widget elementor-widget-image\" data-id=\"22439d3\" data-element_type=\"widget\" data-e-type=\"widget\" data-widget_type=\"image.default\">\n\t\t\t\t<div class=\"elementor-widget-container\">\n\t\t\t\t\t\t\t\t\t\t\t\t\t\t\t<img decoding=\"async\" width=\"1024\" height=\"636\" src=\"https:\/\/blower-door-varga.de\/wp-content\/uploads\/2021\/01\/K_2-1024x636.jpeg\" class=\"attachment-large size-large wp-image-622\" alt=\"Die steuerliche F\u00f6rderung von Wohneigentum.\" srcset=\"https:\/\/blower-door-varga.de\/wp-content\/uploads\/2021\/01\/K_2-1024x636.jpeg 1024w, https:\/\/blower-door-varga.de\/wp-content\/uploads\/2021\/01\/K_2-300x186.jpeg 300w, https:\/\/blower-door-varga.de\/wp-content\/uploads\/2021\/01\/K_2-768x477.jpeg 768w, https:\/\/blower-door-varga.de\/wp-content\/uploads\/2021\/01\/K_2-1536x954.jpeg 1536w, https:\/\/blower-door-varga.de\/wp-content\/uploads\/2021\/01\/K_2-2048x1272.jpeg 2048w, https:\/\/blower-door-varga.de\/wp-content\/uploads\/2021\/01\/K_2-235x146.jpeg 235w, https:\/\/blower-door-varga.de\/wp-content\/uploads\/2021\/01\/K_2-50x31.jpeg 50w, https:\/\/blower-door-varga.de\/wp-content\/uploads\/2021\/01\/K_2-121x75.jpeg 121w\" sizes=\"(max-width:767px) 480px, (max-width:1024px) 100vw, 1024px\" \/>\t\t\t\t\t\t\t\t\t\t\t\t\t\t\t<\/div>\n\t\t\t\t<\/div>\n\t\t\t\t\t<\/div>\n\t\t<\/div>\n\t\t\t\t\t<\/div>\n\t\t<\/section>\n\t\t\t\t<section class=\"elementor-section elementor-top-section elementor-element elementor-element-5e41921 elementor-section-stretched elementor-section-boxed elementor-section-height-default elementor-section-height-default\" data-id=\"5e41921\" data-element_type=\"section\" data-e-type=\"section\" data-settings=\"{&quot;stretch_section&quot;:&quot;section-stretched&quot;}\">\n\t\t\t\t\t\t<div class=\"elementor-container elementor-column-gap-wider\">\n\t\t\t\t\t<div class=\"elementor-column elementor-col-100 elementor-top-column elementor-element elementor-element-cf8cf65\" data-id=\"cf8cf65\" data-element_type=\"column\" data-e-type=\"column\">\n\t\t\t<div class=\"elementor-widget-wrap elementor-element-populated\">\n\t\t\t\t\t\t<div class=\"elementor-element elementor-element-c1dcfa9 elementor-widget elementor-widget-text-editor\" data-id=\"c1dcfa9\" data-element_type=\"widget\" data-e-type=\"widget\" data-widget_type=\"text-editor.default\">\n\t\t\t\t<div class=\"elementor-widget-container\">\n\t\t\t\t\t\t\t\t\t<h2><span style=\"color: #ed8d00; font-size:28px\">KfW-F\u00f6rderprogramme\n<\/span><\/h2>\n<p style=\"text-align: justify;\">Der Begriff Effizienzhaus ist ein Qualit\u00e4tszeichen, das von der Deutschen Energie Agentur GmbH (dena) zusammen mit dem Bundesministerium f\u00fcr Verkehr, Bau und Stadtentwicklung (BMVBS) und der KfW entwickelt wurde.<\/p>\t\t\t\t\t\t\t\t<\/div>\n\t\t\t\t<\/div>\n\t\t\t\t<section class=\"elementor-section elementor-inner-section elementor-element elementor-element-5adccfd elementor-section-boxed elementor-section-height-default elementor-section-height-default\" data-id=\"5adccfd\" data-element_type=\"section\" data-e-type=\"section\">\n\t\t\t\t\t\t<div class=\"elementor-container elementor-column-gap-default\">\n\t\t\t\t\t<div class=\"elementor-column elementor-col-50 elementor-inner-column elementor-element elementor-element-88d5f18\" data-id=\"88d5f18\" data-element_type=\"column\" data-e-type=\"column\">\n\t\t\t<div class=\"elementor-widget-wrap elementor-element-populated\">\n\t\t\t\t\t\t<div class=\"elementor-element elementor-element-ffe05ab elementor-widget elementor-widget-text-editor\" data-id=\"ffe05ab\" data-element_type=\"widget\" data-e-type=\"widget\" data-widget_type=\"text-editor.default\">\n\t\t\t\t<div class=\"elementor-widget-container\">\n\t\t\t\t\t\t\t\t\t<p style=\"text-align: justify;\"><strong>NEUBAU<\/strong><\/p><ul><li>Programm ???\u00a0 (Kredit) <strong><em>aktuell gestoppt<\/em><\/strong><\/li><li>Programm 270 (Kredit) Erneuerbare Energie\u00a0<\/li><li>Programm 433 (Zuschuss) Brennstoffzelle\u00a0\u00a0<\/li><\/ul><p><strong>Energieeffizienzh\u00e4user \u2013 Neubau <\/strong><\/p><ul><li>KfW Effizienzhaus 40 &#8211; EE<\/li><li>KfW Effizienzhaus 40 &#8211; plus<\/li><\/ul>\t\t\t\t\t\t\t\t<\/div>\n\t\t\t\t<\/div>\n\t\t\t\t\t<\/div>\n\t\t<\/div>\n\t\t\t\t<div class=\"elementor-column elementor-col-50 elementor-inner-column elementor-element elementor-element-3c7f9a7\" data-id=\"3c7f9a7\" data-element_type=\"column\" data-e-type=\"column\">\n\t\t\t<div class=\"elementor-widget-wrap elementor-element-populated\">\n\t\t\t\t\t\t<div class=\"elementor-element elementor-element-69e7a8b elementor-widget elementor-widget-text-editor\" data-id=\"69e7a8b\" data-element_type=\"widget\" data-e-type=\"widget\" data-widget_type=\"text-editor.default\">\n\t\t\t\t<div class=\"elementor-widget-container\">\n\t\t\t\t\t\t\t\t\t<p style=\"text-align: justify;\"><strong>ALTBAU<\/strong><\/p><ul><li>Programm 261\/262 (Kredit)<\/li><li>Programm 461 (Zuschuss)<\/li><li>BAFA &#8211; Zuschuss Einzelma\u00dfnahmen\u00a0<\/li><\/ul><p><strong>Energieeffizienzh\u00e4user \u2013 Altbau <\/strong><\/p><ul><li>BEG Effizienzhaus 100<\/li><li>BEG Effizienzhaus 85<\/li><li>BEG Effizienzhaus 70<\/li><li>BEG Effizienzhaus 55<\/li><li>Zusatz Bonus EE Erneuerbare Energie\u00a0<\/li><\/ul>\t\t\t\t\t\t\t\t<\/div>\n\t\t\t\t<\/div>\n\t\t\t\t\t<\/div>\n\t\t<\/div>\n\t\t\t\t\t<\/div>\n\t\t<\/section>\n\t\t\t\t<div class=\"elementor-element elementor-element-c0a54dc elementor-widget elementor-widget-image\" data-id=\"c0a54dc\" data-element_type=\"widget\" data-e-type=\"widget\" data-widget_type=\"image.default\">\n\t\t\t\t<div class=\"elementor-widget-container\">\n\t\t\t\t\t\t\t\t\t\t\t\t\t\t\t<img decoding=\"async\" width=\"1024\" height=\"683\" src=\"https:\/\/blower-door-varga.de\/wp-content\/uploads\/2021\/01\/K_3-min-1024x683.jpeg\" class=\"attachment-large size-large wp-image-623\" alt=\"K_3-min\" srcset=\"https:\/\/blower-door-varga.de\/wp-content\/uploads\/2021\/01\/K_3-min-1024x683.jpeg 1024w, https:\/\/blower-door-varga.de\/wp-content\/uploads\/2021\/01\/K_3-min-300x200.jpeg 300w, https:\/\/blower-door-varga.de\/wp-content\/uploads\/2021\/01\/K_3-min-768x512.jpeg 768w, https:\/\/blower-door-varga.de\/wp-content\/uploads\/2021\/01\/K_3-min-1536x1024.jpeg 1536w, https:\/\/blower-door-varga.de\/wp-content\/uploads\/2021\/01\/K_3-min-2048x1365.jpeg 2048w, https:\/\/blower-door-varga.de\/wp-content\/uploads\/2021\/01\/K_3-min-219x146.jpeg 219w, https:\/\/blower-door-varga.de\/wp-content\/uploads\/2021\/01\/K_3-min-50x33.jpeg 50w, https:\/\/blower-door-varga.de\/wp-content\/uploads\/2021\/01\/K_3-min-113x75.jpeg 113w\" sizes=\"(max-width:767px) 480px, (max-width:1024px) 100vw, 1024px\" \/>\t\t\t\t\t\t\t\t\t\t\t\t\t\t\t<\/div>\n\t\t\t\t<\/div>\n\t\t\t\t<div class=\"elementor-element elementor-element-de8aca8 elementor-widget elementor-widget-text-editor\" data-id=\"de8aca8\" data-element_type=\"widget\" data-e-type=\"widget\" data-widget_type=\"text-editor.default\">\n\t\t\t\t<div class=\"elementor-widget-container\">\n\t\t\t\t\t\t\t\t\t<strong>BAFA F\u00f6rderprogramme <\/strong>\n\n<p style=\"text-align: justify;\">Mit der Bundesf\u00f6rderung f\u00fcr effiziente Geb\u00e4ude (BEG) wird die energetische Geb\u00e4udef\u00f6rderung des Bundes neu aufgesetzt.\n\nDie\u00a0BEG\u00a0ersetzt die bestehenden Programme zur F\u00f6rderung von Energieeffizienz und Erneuerbaren Energien im Geb\u00e4udebereich \u2013 darunter das CO2 &#8211; Geb\u00e4udesanierungsprogramm (Programme Energieeffizient Bauen und Sanieren), das Programm zur Heizungsoptimierung (HZO), das Anreizprogramm Energieeffizienz (APEE) und das Marktanreizprogramm zur Nutzung Erneuerbarer Energien im W\u00e4rmemarkt (MAP).\n\nDie\u00a0BEG\u00a0ist in eine Grundstruktur mit drei Teilprogrammen aufgeteilt:\n<ul>\n \t<li>Bundesf\u00f6rderung f\u00fcr effiziente Geb\u00e4ude \u2013 Wohngeb\u00e4ude (BEG WG)<\/li>\n \t<li>Bundesf\u00f6rderung f\u00fcr effiziente Geb\u00e4ude \u2013 Nichtwohngeb\u00e4ude (BEG NWG)<\/li>\n \t<li>Bundesf\u00f6rderung f\u00fcr effiziente Geb\u00e4ude \u2013 Einzelma\u00dfnahmen (BEG EM)<\/li>\n<\/ul>\nDie\u00a0BEG\u00a0EM ist im Januar 2021 in der Zuschussvariante beim\u00a0BAFA\u00a0gestartet.<\/p>\t\t\t\t\t\t\t\t<\/div>\n\t\t\t\t<\/div>\n\t\t\t\t\t<\/div>\n\t\t<\/div>\n\t\t\t\t\t<\/div>\n\t\t<\/section>\n\t\t\t\t<section class=\"elementor-section elementor-top-section elementor-element elementor-element-c850311 elementor-section-stretched elementor-section-boxed elementor-section-height-default elementor-section-height-default\" data-id=\"c850311\" data-element_type=\"section\" data-e-type=\"section\" data-settings=\"{&quot;stretch_section&quot;:&quot;section-stretched&quot;,&quot;background_background&quot;:&quot;classic&quot;}\">\n\t\t\t\t\t\t<div class=\"elementor-container elementor-column-gap-wider\">\n\t\t\t\t\t<div class=\"elementor-column elementor-col-100 elementor-top-column elementor-element elementor-element-6a19a41\" data-id=\"6a19a41\" data-element_type=\"column\" data-e-type=\"column\">\n\t\t\t<div class=\"elementor-widget-wrap elementor-element-populated\">\n\t\t\t\t\t\t<div class=\"elementor-element elementor-element-03a0e94 elementor-widget elementor-widget-text-editor\" data-id=\"03a0e94\" data-element_type=\"widget\" data-e-type=\"widget\" data-widget_type=\"text-editor.default\">\n\t\t\t\t<div class=\"elementor-widget-container\">\n\t\t\t\t\t\t\t\t\t<h2><span style=\"color: #ed8d00;\">Haben Sie Fragen?<\/span>\n<span style=\"color: #fff;\">Kontaktieren Sie uns!<\/span><\/h2>\t\t\t\t\t\t\t\t<\/div>\n\t\t\t\t<\/div>\n\t\t\t\t<div class=\"elementor-element elementor-element-8aa27ba elementor-widget elementor-widget-shortcode\" data-id=\"8aa27ba\" data-element_type=\"widget\" data-e-type=\"widget\" data-widget_type=\"shortcode.default\">\n\t\t\t\t<div class=\"elementor-widget-container\">\n\t\t\t\t\t\t\t<div class=\"elementor-shortcode\">\n<div class=\"wpcf7 no-js\" id=\"wpcf7-f190-o1\" lang=\"en-US\" dir=\"ltr\" data-wpcf7-id=\"190\">\n<div class=\"screen-reader-response\"><p role=\"status\" aria-live=\"polite\" aria-atomic=\"true\"><\/p> <ul><\/ul><\/div>\n<form action=\"\/index.php\/wp-json\/wp\/v2\/pages\/611#wpcf7-f190-o1\" method=\"post\" class=\"wpcf7-form init\" aria-label=\"Contact form\" novalidate=\"novalidate\" data-status=\"init\">\n<fieldset class=\"hidden-fields-container\"><input type=\"hidden\" name=\"_wpcf7\" value=\"190\" \/><input type=\"hidden\" name=\"_wpcf7_version\" value=\"6.1.5\" \/><input type=\"hidden\" name=\"_wpcf7_locale\" value=\"en_US\" \/><input type=\"hidden\" name=\"_wpcf7_unit_tag\" value=\"wpcf7-f190-o1\" \/><input type=\"hidden\" name=\"_wpcf7_container_post\" value=\"0\" \/><input type=\"hidden\" name=\"_wpcf7_posted_data_hash\" value=\"\" \/>\n<\/fieldset>\n<div class=\"column one\">\n\t<p><label><span class=\"wpcf7-form-control-wrap\" data-name=\"your-name\"><input size=\"40\" maxlength=\"400\" class=\"wpcf7-form-control wpcf7-text wpcf7-validates-as-required\" aria-required=\"true\" aria-invalid=\"false\" placeholder=\"Name\" value=\"\" type=\"text\" name=\"your-name\" \/><\/span> <\/label>\n\t<\/p>\n<\/div>\n<div class=\"column one-second\">\n\t<p><label><span class=\"wpcf7-form-control-wrap\" data-name=\"your-email\"><input size=\"40\" maxlength=\"400\" class=\"wpcf7-form-control wpcf7-email wpcf7-validates-as-required wpcf7-text wpcf7-validates-as-email\" aria-required=\"true\" aria-invalid=\"false\" placeholder=\"E-Mail\" value=\"\" type=\"email\" name=\"your-email\" \/><\/span><\/label>\n\t<\/p>\n<\/div>\n<p><span id=\"wpcf7-69db656a3d93c-wrapper\" class=\"wpcf7-form-control-wrap Postleitzahl-wrap\" style=\"display:none !important; visibility:hidden !important;\"><label for=\"wpcf7-69db656a3d93c-field\" class=\"hp-message\">Please leave this field empty.<\/label><input id=\"wpcf7-69db656a3d93c-field\"  class=\"wpcf7-form-control wpcf7-text\" type=\"text\" name=\"Postleitzahl\" value=\"\" size=\"40\" tabindex=\"-1\" autocomplete=\"new-password\" \/><\/span>\n<\/p>\n<div class=\"column one-second\">\n\t<p><label><span class=\"wpcf7-form-control-wrap\" data-name=\"your-subject\"><input size=\"40\" maxlength=\"400\" class=\"wpcf7-form-control wpcf7-text\" aria-invalid=\"false\" placeholder=\"Betreff\" value=\"\" type=\"text\" name=\"your-subject\" \/><\/span><\/label>\n\t<\/p>\n<\/div>\n<div class=\"column one\">\n\t<p><label><span class=\"wpcf7-form-control-wrap\" data-name=\"your-message\"><textarea cols=\"40\" rows=\"10\" maxlength=\"2000\" class=\"wpcf7-form-control wpcf7-textarea\" aria-invalid=\"false\" placeholder=\"Ihre Nachricht\" name=\"your-message\"><\/textarea><\/span> <\/label>\n\t<\/p>\n<\/div>\n<div class=\"column one\">\n\t<p><input class=\"wpcf7-form-control wpcf7-submit has-spinner button_full_width\" type=\"submit\" value=\"Absenden\" \/>\n\t<\/p>\n<\/div><div class=\"wpcf7-response-output\" aria-hidden=\"true\"><\/div>\n<\/form>\n<\/div>\n<\/div>\n\t\t\t\t\t\t<\/div>\n\t\t\t\t<\/div>\n\t\t\t\t\t<\/div>\n\t\t<\/div>\n\t\t\t\t\t<\/div>\n\t\t<\/section>\n\t\t\t\t<\/div>\n\t\t","protected":false},"excerpt":{"rendered":"<p>KfW-F\u00f6rderbank Kredit- und Zuschuss Programme des Bundes f\u00fcr Energieeffizienz bauen oder modernisieren von Geb\u00e4uden Ich bin seit 2012 in der Energieeffizienz-Expertenliste f\u00fcr F\u00f6rderprogramme des Bundes (KfW-F\u00f6rderbank<span class=\"excerpt-hellip\"> [\u2026]<\/span><\/p>\n","protected":false},"author":1,"featured_media":0,"parent":0,"menu_order":0,"comment_status":"closed","ping_status":"closed","template":"","meta":{"footnotes":""},"class_list":["post-611","page","type-page","status-publish","hentry"],"_links":{"self":[{"href":"https:\/\/blower-door-varga.de\/index.php\/wp-json\/wp\/v2\/pages\/611","targetHints":{"allow":["GET"]}}],"collection":[{"href":"https:\/\/blower-door-varga.de\/index.php\/wp-json\/wp\/v2\/pages"}],"about":[{"href":"https:\/\/blower-door-varga.de\/index.php\/wp-json\/wp\/v2\/types\/page"}],"author":[{"embeddable":true,"href":"https:\/\/blower-door-varga.de\/index.php\/wp-json\/wp\/v2\/users\/1"}],"replies":[{"embeddable":true,"href":"https:\/\/blower-door-varga.de\/index.php\/wp-json\/wp\/v2\/comments?post=611"}],"version-history":[{"count":21,"href":"https:\/\/blower-door-varga.de\/index.php\/wp-json\/wp\/v2\/pages\/611\/revisions"}],"predecessor-version":[{"id":928,"href":"https:\/\/blower-door-varga.de\/index.php\/wp-json\/wp\/v2\/pages\/611\/revisions\/928"}],"wp:attachment":[{"href":"https:\/\/blower-door-varga.de\/index.php\/wp-json\/wp\/v2\/media?parent=611"}],"curies":[{"name":"wp","href":"https:\/\/api.w.org\/{rel}","templated":true}]}}