{"id":19,"date":"2020-05-27T12:39:46","date_gmt":"2020-05-27T12:39:46","guid":{"rendered":"https:\/\/themes.muffingroup.com\/be\/agency4_el\/?page_id=19"},"modified":"2024-04-02T11:06:55","modified_gmt":"2024-04-02T11:06:55","slug":"blower-door","status":"publish","type":"page","link":"https:\/\/blower-door-varga.de\/index.php\/blower-door\/","title":{"rendered":"Blower Door"},"content":{"rendered":"\t\t<div data-elementor-type=\"wp-page\" data-elementor-id=\"19\" class=\"elementor elementor-19\">\n\t\t\t\t\t\t<section class=\"elementor-section elementor-top-section elementor-element elementor-element-95acacd elementor-section-stretched elementor-section-boxed elementor-section-height-default elementor-section-height-default\" data-id=\"95acacd\" data-element_type=\"section\" data-e-type=\"section\" data-settings=\"{&quot;stretch_section&quot;:&quot;section-stretched&quot;,&quot;background_background&quot;:&quot;classic&quot;}\">\n\t\t\t\t\t\t<div class=\"elementor-container elementor-column-gap-wider\">\n\t\t\t\t\t<div class=\"elementor-column elementor-col-100 elementor-top-column elementor-element elementor-element-b51d91a\" data-id=\"b51d91a\" data-element_type=\"column\" data-e-type=\"column\">\n\t\t\t<div class=\"elementor-widget-wrap elementor-element-populated\">\n\t\t\t\t\t\t<div class=\"elementor-element elementor-element-7e4fc04 elementor-widget elementor-widget-text-editor\" data-id=\"7e4fc04\" data-element_type=\"widget\" data-e-type=\"widget\" data-widget_type=\"text-editor.default\">\n\t\t\t\t<div class=\"elementor-widget-container\">\n\t\t\t\t\t\t\t\t\t<h1><span style=\"color: #ed8d00; font-size: 58px\">Blower Door Test\n<\/span><\/h1>\t\t\t\t\t\t\t\t<\/div>\n\t\t\t\t<\/div>\n\t\t\t\t<div class=\"elementor-element elementor-element-012e95c elementor-widget elementor-widget-text-editor\" data-id=\"012e95c\" data-element_type=\"widget\" data-e-type=\"widget\" data-widget_type=\"text-editor.default\">\n\t\t\t\t<div class=\"elementor-widget-container\">\n\t\t\t\t\t\t\t\t\t<h3><span style=\"color: #ed8d00;\">Geb\u00e4ude Luftdichtheitsmessungen<br>\nnach DIN 13829 und EN ISO 9972<\/span><\/h3>\t\t\t\t\t\t\t\t<\/div>\n\t\t\t\t<\/div>\n\t\t\t\t\t<\/div>\n\t\t<\/div>\n\t\t\t\t\t<\/div>\n\t\t<\/section>\n\t\t\t\t<section class=\"elementor-section elementor-top-section elementor-element elementor-element-8584797 elementor-section-stretched elementor-section-content-middle elementor-section-boxed elementor-section-height-default elementor-section-height-default\" data-id=\"8584797\" data-element_type=\"section\" data-e-type=\"section\" data-settings=\"{&quot;stretch_section&quot;:&quot;section-stretched&quot;}\">\n\t\t\t\t\t\t<div class=\"elementor-container elementor-column-gap-wider\">\n\t\t\t\t\t<div class=\"elementor-column elementor-col-50 elementor-top-column elementor-element elementor-element-022c416\" data-id=\"022c416\" data-element_type=\"column\" data-e-type=\"column\">\n\t\t\t<div class=\"elementor-widget-wrap elementor-element-populated\">\n\t\t\t\t\t\t<div class=\"elementor-element elementor-element-733621e elementor-widget elementor-widget-image\" data-id=\"733621e\" data-element_type=\"widget\" data-e-type=\"widget\" data-widget_type=\"image.default\">\n\t\t\t\t<div class=\"elementor-widget-container\">\n\t\t\t\t\t\t\t\t\t\t\t\t\t\t\t<img fetchpriority=\"high\" decoding=\"async\" width=\"1024\" height=\"576\" src=\"https:\/\/blower-door-varga.de\/wp-content\/uploads\/2021\/01\/BD_5-1024x576.jpg\" class=\"attachment-large size-large wp-image-646\" alt=\"BD_5\" srcset=\"https:\/\/blower-door-varga.de\/wp-content\/uploads\/2021\/01\/BD_5-1024x576.jpg 1024w, https:\/\/blower-door-varga.de\/wp-content\/uploads\/2021\/01\/BD_5-300x169.jpg 300w, https:\/\/blower-door-varga.de\/wp-content\/uploads\/2021\/01\/BD_5-768x432.jpg 768w, https:\/\/blower-door-varga.de\/wp-content\/uploads\/2021\/01\/BD_5-1536x864.jpg 1536w, https:\/\/blower-door-varga.de\/wp-content\/uploads\/2021\/01\/BD_5-2048x1152.jpg 2048w, https:\/\/blower-door-varga.de\/wp-content\/uploads\/2021\/01\/BD_5-260x146.jpg 260w, https:\/\/blower-door-varga.de\/wp-content\/uploads\/2021\/01\/BD_5-50x28.jpg 50w, https:\/\/blower-door-varga.de\/wp-content\/uploads\/2021\/01\/BD_5-133x75.jpg 133w, https:\/\/blower-door-varga.de\/wp-content\/uploads\/2021\/01\/BD_5-1200x675.jpg 1200w\" sizes=\"(max-width:767px) 480px, (max-width:1024px) 100vw, 1024px\" \/>\t\t\t\t\t\t\t\t\t\t\t\t\t\t\t<\/div>\n\t\t\t\t<\/div>\n\t\t\t\t\t<\/div>\n\t\t<\/div>\n\t\t\t\t<div class=\"elementor-column elementor-col-50 elementor-top-column elementor-element elementor-element-7c42001\" data-id=\"7c42001\" data-element_type=\"column\" data-e-type=\"column\">\n\t\t\t<div class=\"elementor-widget-wrap elementor-element-populated\">\n\t\t\t\t\t\t<div class=\"elementor-element elementor-element-a962786 elementor-widget elementor-widget-text-editor\" data-id=\"a962786\" data-element_type=\"widget\" data-e-type=\"widget\" data-widget_type=\"text-editor.default\">\n\t\t\t\t<div class=\"elementor-widget-container\">\n\t\t\t\t\t\t\t\t\t<p style=\"text-align: justify;\">Zu errichtete Geb\u00e4ude m\u00fcssen nach \u00a7 26 Geb\u00e4ude Energie Gesetz (GEG 2020) so ausgef\u00fchrt sein, dass die w\u00e4rme\u00fcbertragenden Umfassungsfl\u00e4chen, einschlie\u00dflich der Fugen, dauerhaft luftundurchl\u00e4ssig, entsprechend dem Stand und Regel der Bautechnik, abgedichtet sind.\n<br><br>\nMit dieser Forderung sollen unkontrollierten W\u00e4rmeverluste und Bausch\u00e4den vorgebeugt werden. Die entsprechende Vorgabe f\u00fcr die Luftdichtheit nennt die DIN 4108 Teil 7, die zugeh\u00f6rige Messmethode die DIN EN ISO 9972. Beide Normen sind durch Bekanntmachung im Bundesanzeiger als Regeln der Technik verbindlich eingef\u00fchrt.<\/p>\t\t\t\t\t\t\t\t<\/div>\n\t\t\t\t<\/div>\n\t\t\t\t\t<\/div>\n\t\t<\/div>\n\t\t\t\t\t<\/div>\n\t\t<\/section>\n\t\t\t\t<section class=\"elementor-section elementor-top-section elementor-element elementor-element-f75fd8c elementor-section-stretched elementor-section-content-middle elementor-section-boxed elementor-section-height-default elementor-section-height-default\" data-id=\"f75fd8c\" data-element_type=\"section\" data-e-type=\"section\" data-settings=\"{&quot;stretch_section&quot;:&quot;section-stretched&quot;}\">\n\t\t\t\t\t\t<div class=\"elementor-container elementor-column-gap-wider\">\n\t\t\t\t\t<div class=\"elementor-column elementor-col-50 elementor-top-column elementor-element elementor-element-ff50823\" data-id=\"ff50823\" data-element_type=\"column\" data-e-type=\"column\">\n\t\t\t<div class=\"elementor-widget-wrap elementor-element-populated\">\n\t\t\t\t\t\t<div class=\"elementor-element elementor-element-4f7fe1f elementor-widget elementor-widget-text-editor\" data-id=\"4f7fe1f\" data-element_type=\"widget\" data-e-type=\"widget\" data-widget_type=\"text-editor.default\">\n\t\t\t\t<div class=\"elementor-widget-container\">\n\t\t\t\t\t\t\t\t\t<p style=\"text-align: justify;\">Blower-Door Messungen sollten so fr\u00fch wie m\u00f6glich in ein Projekt eingeplant werden, da dies nicht nur zur Standard\u00fcberpr\u00fcfung der luftdichten Geb\u00e4udeh\u00fclle f\u00fchrt, sondern auch Handwerker zur gewissenhaften Bauausf\u00fchrung hilft. Zudem erlaubt der Blower-Door Test eine gewinnbringende Anrechnung bei der GEG Nachweiserstellung. Die Luftwechselrate kann von 0,7 [1\/h] auf 0,6 [1\/h] verbessert werden.<\/p>\t\t\t\t\t\t\t\t<\/div>\n\t\t\t\t<\/div>\n\t\t\t\t\t<\/div>\n\t\t<\/div>\n\t\t\t\t<div class=\"elementor-column elementor-col-50 elementor-top-column elementor-element elementor-element-3fc04fe\" data-id=\"3fc04fe\" data-element_type=\"column\" data-e-type=\"column\">\n\t\t\t<div class=\"elementor-widget-wrap elementor-element-populated\">\n\t\t\t\t\t\t<div class=\"elementor-element elementor-element-22439d3 elementor-widget elementor-widget-image\" data-id=\"22439d3\" data-element_type=\"widget\" data-e-type=\"widget\" data-widget_type=\"image.default\">\n\t\t\t\t<div class=\"elementor-widget-container\">\n\t\t\t\t\t\t\t\t\t\t\t\t\t\t\t<img decoding=\"async\" width=\"1024\" height=\"576\" src=\"https:\/\/blower-door-varga.de\/wp-content\/uploads\/2021\/01\/BD_2-1024x576.jpg\" class=\"attachment-large size-large wp-image-645\" alt=\"BD_2\" srcset=\"https:\/\/blower-door-varga.de\/wp-content\/uploads\/2021\/01\/BD_2-1024x576.jpg 1024w, https:\/\/blower-door-varga.de\/wp-content\/uploads\/2021\/01\/BD_2-300x169.jpg 300w, https:\/\/blower-door-varga.de\/wp-content\/uploads\/2021\/01\/BD_2-768x432.jpg 768w, https:\/\/blower-door-varga.de\/wp-content\/uploads\/2021\/01\/BD_2-1536x864.jpg 1536w, https:\/\/blower-door-varga.de\/wp-content\/uploads\/2021\/01\/BD_2-2048x1152.jpg 2048w, https:\/\/blower-door-varga.de\/wp-content\/uploads\/2021\/01\/BD_2-260x146.jpg 260w, https:\/\/blower-door-varga.de\/wp-content\/uploads\/2021\/01\/BD_2-50x28.jpg 50w, https:\/\/blower-door-varga.de\/wp-content\/uploads\/2021\/01\/BD_2-133x75.jpg 133w, https:\/\/blower-door-varga.de\/wp-content\/uploads\/2021\/01\/BD_2-1200x675.jpg 1200w\" sizes=\"(max-width:767px) 480px, (max-width:1024px) 100vw, 1024px\" \/>\t\t\t\t\t\t\t\t\t\t\t\t\t\t\t<\/div>\n\t\t\t\t<\/div>\n\t\t\t\t\t<\/div>\n\t\t<\/div>\n\t\t\t\t\t<\/div>\n\t\t<\/section>\n\t\t\t\t<section class=\"elementor-section elementor-top-section elementor-element elementor-element-5e41921 elementor-section-stretched elementor-section-boxed elementor-section-height-default elementor-section-height-default\" data-id=\"5e41921\" data-element_type=\"section\" data-e-type=\"section\" data-settings=\"{&quot;stretch_section&quot;:&quot;section-stretched&quot;}\">\n\t\t\t\t\t\t<div class=\"elementor-container elementor-column-gap-wider\">\n\t\t\t\t\t<div class=\"elementor-column elementor-col-100 elementor-top-column elementor-element elementor-element-cf8cf65\" data-id=\"cf8cf65\" data-element_type=\"column\" data-e-type=\"column\">\n\t\t\t<div class=\"elementor-widget-wrap elementor-element-populated\">\n\t\t\t\t\t\t<div class=\"elementor-element elementor-element-c1dcfa9 elementor-widget elementor-widget-text-editor\" data-id=\"c1dcfa9\" data-element_type=\"widget\" data-e-type=\"widget\" data-widget_type=\"text-editor.default\">\n\t\t\t\t<div class=\"elementor-widget-container\">\n\t\t\t\t\t\t\t\t\t<h2 style=\"font-size:28px\"><span style=\"color: #ed8d00;\">Wie funktioniert die Messung?\n<\/span><\/h2>\t\t\t\t\t\t\t\t<\/div>\n\t\t\t\t<\/div>\n\t\t\t\t<section class=\"elementor-section elementor-inner-section elementor-element elementor-element-5adccfd elementor-section-boxed elementor-section-height-default elementor-section-height-default\" data-id=\"5adccfd\" data-element_type=\"section\" data-e-type=\"section\">\n\t\t\t\t\t\t<div class=\"elementor-container elementor-column-gap-default\">\n\t\t\t\t\t<div class=\"elementor-column elementor-col-50 elementor-inner-column elementor-element elementor-element-88d5f18\" data-id=\"88d5f18\" data-element_type=\"column\" data-e-type=\"column\">\n\t\t\t<div class=\"elementor-widget-wrap elementor-element-populated\">\n\t\t\t\t\t\t<div class=\"elementor-element elementor-element-ffe05ab elementor-widget elementor-widget-text-editor\" data-id=\"ffe05ab\" data-element_type=\"widget\" data-e-type=\"widget\" data-widget_type=\"text-editor.default\">\n\t\t\t\t<div class=\"elementor-widget-container\">\n\t\t\t\t\t\t\t\t\t<p style=\"text-align: justify;\">Bei einer Messung der Luftdichtheit, also der Blower-Door Messung, wird durch Erzeugung einer Luftdruckdifferenz von 50 Pascal zwischen dem Innenbereich des Hauses und dem Au\u00dfenbereich, der Luftvolumenstrom gemessen. Also die Menge der Luft, die durch die Geb\u00e4udeh\u00fclle str\u00f6mt, wird festgehalten und auf das beheizte Raumluftvolumen oder H\u00fcllfl\u00e4che des Geb\u00e4udes bezogen. Der so genannte n50 und q50 Wert beschreibt die Undichtheit des Geb\u00e4udes und ist an folgende Anforderungen gebunden.<\/p>\t\t\t\t\t\t\t\t<\/div>\n\t\t\t\t<\/div>\n\t\t\t\t\t<\/div>\n\t\t<\/div>\n\t\t\t\t<div class=\"elementor-column elementor-col-50 elementor-inner-column elementor-element elementor-element-3c7f9a7\" data-id=\"3c7f9a7\" data-element_type=\"column\" data-e-type=\"column\">\n\t\t\t<div class=\"elementor-widget-wrap elementor-element-populated\">\n\t\t\t\t\t\t<div class=\"elementor-element elementor-element-69e7a8b elementor-widget elementor-widget-text-editor\" data-id=\"69e7a8b\" data-element_type=\"widget\" data-e-type=\"widget\" data-widget_type=\"text-editor.default\">\n\t\t\t\t<div class=\"elementor-widget-container\">\n\t\t\t\t\t\t\t\t\t<p style=\"text-align: justify;\">Die DIN 4108 Teil 7 sowie DIN V 18599-2 nennt als Grenzwerte:<br><br>\n\n&#8211; f\u00fcr Geb\u00e4ude ohne RLT und Luftvolumen &lt; 1500 m\u00b3 : n50 &lt; 3,0 \/h<br>\n&#8211; f\u00fcr Geb\u00e4ude ohne RLT und Luftvolumen &gt; 1500 m\u00b3 : q50 &lt; 4,5 \/h<br>\n&#8211; f\u00fcr Geb\u00e4ude mit RLT und Luftvolumen &lt; 1500 m\u00b3 : n50 &lt; 1,5 \/h<br>\n&#8211; f\u00fcr Geb\u00e4ude mit RLT und Luftvolumen &gt; 1500 m\u00b3 : q50 &lt; 2,5 \/h<br>\n&#8211; f\u00fcr Passivh\u00e4user und KfW-40 EE-H\u00e4user (Empfehlung) : n50 &lt; 0,6 \/h<\/p>\t\t\t\t\t\t\t\t<\/div>\n\t\t\t\t<\/div>\n\t\t\t\t\t<\/div>\n\t\t<\/div>\n\t\t\t\t\t<\/div>\n\t\t<\/section>\n\t\t\t\t<div class=\"elementor-element elementor-element-c0a54dc elementor-widget elementor-widget-image\" data-id=\"c0a54dc\" data-element_type=\"widget\" data-e-type=\"widget\" data-widget_type=\"image.default\">\n\t\t\t\t<div class=\"elementor-widget-container\">\n\t\t\t\t\t\t\t\t\t\t\t\t\t\t\t<img decoding=\"async\" width=\"1024\" height=\"576\" src=\"https:\/\/blower-door-varga.de\/wp-content\/uploads\/2021\/01\/BD_1-1024x576.jpg\" class=\"attachment-large size-large wp-image-647\" alt=\"BD_1\" srcset=\"https:\/\/blower-door-varga.de\/wp-content\/uploads\/2021\/01\/BD_1-1024x576.jpg 1024w, https:\/\/blower-door-varga.de\/wp-content\/uploads\/2021\/01\/BD_1-300x169.jpg 300w, https:\/\/blower-door-varga.de\/wp-content\/uploads\/2021\/01\/BD_1-768x432.jpg 768w, https:\/\/blower-door-varga.de\/wp-content\/uploads\/2021\/01\/BD_1-1536x864.jpg 1536w, https:\/\/blower-door-varga.de\/wp-content\/uploads\/2021\/01\/BD_1-2048x1152.jpg 2048w, https:\/\/blower-door-varga.de\/wp-content\/uploads\/2021\/01\/BD_1-260x146.jpg 260w, https:\/\/blower-door-varga.de\/wp-content\/uploads\/2021\/01\/BD_1-50x28.jpg 50w, https:\/\/blower-door-varga.de\/wp-content\/uploads\/2021\/01\/BD_1-133x75.jpg 133w, https:\/\/blower-door-varga.de\/wp-content\/uploads\/2021\/01\/BD_1-1200x675.jpg 1200w\" sizes=\"(max-width:767px) 480px, (max-width:1024px) 100vw, 1024px\" \/>\t\t\t\t\t\t\t\t\t\t\t\t\t\t\t<\/div>\n\t\t\t\t<\/div>\n\t\t\t\t<div class=\"elementor-element elementor-element-de8aca8 elementor-widget elementor-widget-text-editor\" data-id=\"de8aca8\" data-element_type=\"widget\" data-e-type=\"widget\" data-widget_type=\"text-editor.default\">\n\t\t\t\t<div class=\"elementor-widget-container\">\n\t\t\t\t\t\t\t\t\t<p style=\"text-align: justify;\">Neben der oben aufgelisteten Werter ist die Qualit\u00e4t der durchgef\u00fchrten Bauarbeiten ein wichtiger Schritt f\u00fcr die Luftdichtequalit\u00e4t des Hauses.\nLeckagen zum Beispiel im Dachbereich, sind wesentlich h\u00e4ufiger der Grund f\u00fcr feuchtebedingte Bausch\u00e4den durch Tauwasserausfall. Die warme Innenluft wird \u00fcber die Leckage durch das Bauteil nach drau\u00dfen gef\u00fchrt, dabei streicht die Luft an der kalten Au\u00dfenhaut entlang und kondensiert im kalten Bereich. Durch eine kleine Leckage kann viel mehr Feuchtigkeit transportiert werden als \u00fcber die Diffusion und kann Sch\u00e4den im Bauk\u00f6rper verursachen. Ein guter Messwert ist keine Garantie f\u00fcr Sch\u00e4den Freiheit. Auch kleine Leckagen k\u00f6nnen gro\u00dfe Sch\u00e4den verursachen, auch wenn der gemessene Wert im Normbereich liegt.\n<br><br>\nEs gibt kein hundertprozentig dichtes Geb\u00e4ude, somit werden nach Regel der Technik und nach Empfehlung der FLIB (Fachverband Luftdichtheit im Bauwesen e.V.) die Leckagen in zwei Hauptgruppen klassifiziert:<br>\n&#8211; Gro\u00dfe Leckagen, die in Wesentlichen durch Gr\u00f6\u00dfe und Lage in dem Geb\u00e4ude zu Sch\u00e4den f\u00fchren k\u00f6nnen.<br>\n&#8211; Kleine Leckagen, die eventuell nur sehr keine Sch\u00e4den verursachen k\u00f6nnen und in der Nutzung nicht sp\u00fcrbar sind.\n<br><br>\nBei Modernisierungen von Altbauten sind die gleichen Werte anzustreben, die GEG 2020 vorgibt, aber aus technischen und konstruktiven Gr\u00fcnden oft nicht m\u00f6glich sind. Bei der Bilanzierung von Altbauten ist in Abh\u00e4ngigkeit von dem gemessenen n50- bzw. q50- Wert und dem W\u00e4rmer\u00fcckgewinnungsgrad der L\u00fcftungsanlage f\u00fcr den Grad der W\u00e4rmer\u00fcckgewinnung der resultierende Wert nach Tabelle 1 der FAQ (KfW- F\u00f6rderbank) zu berechnen.<\/p>\t\t\t\t\t\t\t\t<\/div>\n\t\t\t\t<\/div>\n\t\t\t\t\t<\/div>\n\t\t<\/div>\n\t\t\t\t\t<\/div>\n\t\t<\/section>\n\t\t\t\t<section class=\"elementor-section elementor-top-section elementor-element elementor-element-c850311 elementor-section-stretched elementor-section-boxed elementor-section-height-default elementor-section-height-default\" data-id=\"c850311\" data-element_type=\"section\" data-e-type=\"section\" data-settings=\"{&quot;stretch_section&quot;:&quot;section-stretched&quot;,&quot;background_background&quot;:&quot;classic&quot;}\">\n\t\t\t\t\t\t<div class=\"elementor-container elementor-column-gap-wider\">\n\t\t\t\t\t<div class=\"elementor-column elementor-col-100 elementor-top-column elementor-element elementor-element-6a19a41\" data-id=\"6a19a41\" data-element_type=\"column\" data-e-type=\"column\">\n\t\t\t<div class=\"elementor-widget-wrap elementor-element-populated\">\n\t\t\t\t\t\t<div class=\"elementor-element elementor-element-03a0e94 elementor-widget elementor-widget-text-editor\" data-id=\"03a0e94\" data-element_type=\"widget\" data-e-type=\"widget\" data-widget_type=\"text-editor.default\">\n\t\t\t\t<div class=\"elementor-widget-container\">\n\t\t\t\t\t\t\t\t\t<h2><span style=\"color: #ed8d00;\">Haben Sie Fragen?<\/span><\/h2>\n<h5><span style=\"color: #fff;font-size:40px\">Kontaktieren Sie uns!<\/span><\/h5>\t\t\t\t\t\t\t\t<\/div>\n\t\t\t\t<\/div>\n\t\t\t\t<div class=\"elementor-element elementor-element-8aa27ba elementor-widget elementor-widget-shortcode\" data-id=\"8aa27ba\" data-element_type=\"widget\" data-e-type=\"widget\" data-widget_type=\"shortcode.default\">\n\t\t\t\t<div class=\"elementor-widget-container\">\n\t\t\t\t\t\t\t<div class=\"elementor-shortcode\">\n<div class=\"wpcf7 no-js\" id=\"wpcf7-f190-o1\" lang=\"en-US\" dir=\"ltr\" data-wpcf7-id=\"190\">\n<div class=\"screen-reader-response\"><p role=\"status\" aria-live=\"polite\" aria-atomic=\"true\"><\/p> <ul><\/ul><\/div>\n<form action=\"\/index.php\/wp-json\/wp\/v2\/pages\/19#wpcf7-f190-o1\" method=\"post\" class=\"wpcf7-form init\" aria-label=\"Contact form\" novalidate=\"novalidate\" data-status=\"init\">\n<fieldset class=\"hidden-fields-container\"><input type=\"hidden\" name=\"_wpcf7\" value=\"190\" \/><input type=\"hidden\" name=\"_wpcf7_version\" value=\"6.1.5\" \/><input type=\"hidden\" name=\"_wpcf7_locale\" value=\"en_US\" \/><input type=\"hidden\" name=\"_wpcf7_unit_tag\" value=\"wpcf7-f190-o1\" \/><input type=\"hidden\" name=\"_wpcf7_container_post\" value=\"0\" \/><input type=\"hidden\" name=\"_wpcf7_posted_data_hash\" value=\"\" \/>\n<\/fieldset>\n<div class=\"column one\">\n\t<p><label><span class=\"wpcf7-form-control-wrap\" data-name=\"your-name\"><input size=\"40\" maxlength=\"400\" class=\"wpcf7-form-control wpcf7-text wpcf7-validates-as-required\" aria-required=\"true\" aria-invalid=\"false\" placeholder=\"Name\" value=\"\" type=\"text\" name=\"your-name\" \/><\/span> <\/label>\n\t<\/p>\n<\/div>\n<div class=\"column one-second\">\n\t<p><label><span class=\"wpcf7-form-control-wrap\" data-name=\"your-email\"><input size=\"40\" maxlength=\"400\" class=\"wpcf7-form-control wpcf7-email wpcf7-validates-as-required wpcf7-text wpcf7-validates-as-email\" aria-required=\"true\" aria-invalid=\"false\" placeholder=\"E-Mail\" value=\"\" type=\"email\" name=\"your-email\" \/><\/span><\/label>\n\t<\/p>\n<\/div>\n<p><span id=\"wpcf7-69db6561e8bce-wrapper\" class=\"wpcf7-form-control-wrap Postleitzahl-wrap\" style=\"display:none !important; visibility:hidden !important;\"><label for=\"wpcf7-69db6561e8bce-field\" class=\"hp-message\">Please leave this field empty.<\/label><input id=\"wpcf7-69db6561e8bce-field\"  class=\"wpcf7-form-control wpcf7-text\" type=\"text\" name=\"Postleitzahl\" value=\"\" size=\"40\" tabindex=\"-1\" autocomplete=\"new-password\" \/><\/span>\n<\/p>\n<div class=\"column one-second\">\n\t<p><label><span class=\"wpcf7-form-control-wrap\" data-name=\"your-subject\"><input size=\"40\" maxlength=\"400\" class=\"wpcf7-form-control wpcf7-text\" aria-invalid=\"false\" placeholder=\"Betreff\" value=\"\" type=\"text\" name=\"your-subject\" \/><\/span><\/label>\n\t<\/p>\n<\/div>\n<div class=\"column one\">\n\t<p><label><span class=\"wpcf7-form-control-wrap\" data-name=\"your-message\"><textarea cols=\"40\" rows=\"10\" maxlength=\"2000\" class=\"wpcf7-form-control wpcf7-textarea\" aria-invalid=\"false\" placeholder=\"Ihre Nachricht\" name=\"your-message\"><\/textarea><\/span> <\/label>\n\t<\/p>\n<\/div>\n<div class=\"column one\">\n\t<p><input class=\"wpcf7-form-control wpcf7-submit has-spinner button_full_width\" type=\"submit\" value=\"Absenden\" \/>\n\t<\/p>\n<\/div><div class=\"wpcf7-response-output\" aria-hidden=\"true\"><\/div>\n<\/form>\n<\/div>\n<\/div>\n\t\t\t\t\t\t<\/div>\n\t\t\t\t<\/div>\n\t\t\t\t\t<\/div>\n\t\t<\/div>\n\t\t\t\t\t<\/div>\n\t\t<\/section>\n\t\t\t\t<\/div>\n\t\t","protected":false},"excerpt":{"rendered":"<p>Blower Door Test Geb\u00e4ude Luftdichtheitsmessungen nach DIN 13829 und EN ISO 9972 Zu errichtete Geb\u00e4ude m\u00fcssen nach \u00a7 26 Geb\u00e4ude Energie Gesetz (GEG 2020) so ausgef\u00fchrt<span class=\"excerpt-hellip\"> [\u2026]<\/span><\/p>\n","protected":false},"author":1,"featured_media":0,"parent":0,"menu_order":0,"comment_status":"closed","ping_status":"closed","template":"","meta":{"footnotes":""},"class_list":["post-19","page","type-page","status-publish","hentry"],"_links":{"self":[{"href":"https:\/\/blower-door-varga.de\/index.php\/wp-json\/wp\/v2\/pages\/19","targetHints":{"allow":["GET"]}}],"collection":[{"href":"https:\/\/blower-door-varga.de\/index.php\/wp-json\/wp\/v2\/pages"}],"about":[{"href":"https:\/\/blower-door-varga.de\/index.php\/wp-json\/wp\/v2\/types\/page"}],"author":[{"embeddable":true,"href":"https:\/\/blower-door-varga.de\/index.php\/wp-json\/wp\/v2\/users\/1"}],"replies":[{"embeddable":true,"href":"https:\/\/blower-door-varga.de\/index.php\/wp-json\/wp\/v2\/comments?post=19"}],"version-history":[{"count":67,"href":"https:\/\/blower-door-varga.de\/index.php\/wp-json\/wp\/v2\/pages\/19\/revisions"}],"predecessor-version":[{"id":972,"href":"https:\/\/blower-door-varga.de\/index.php\/wp-json\/wp\/v2\/pages\/19\/revisions\/972"}],"wp:attachment":[{"href":"https:\/\/blower-door-varga.de\/index.php\/wp-json\/wp\/v2\/media?parent=19"}],"curies":[{"name":"wp","href":"https:\/\/api.w.org\/{rel}","templated":true}]}}